 is the remainder when o(-5) is divided by s?
13
Suppose 3*w - 3*q = 84, -2*q = -3*w - w + 102. Suppose 45*l - 990 = w*l. Calculate the remainder when 717 is divided by l.
42
Let x(p) = -p**2 - 6*p + 16. Let k be x(-8). Suppose k = 3*n - 0*n - 15, 24 = 2*f - 4*n. Calculate the remainder when 439 is divided by f.
21
Let v be -4*(-6)/(-3) - 12/3. Calculate the remainder when 23 is divided by (3*(-8)/(-24))/((-1)/v).
11
Let f = -141 - -144. Suppose m - 36 = f*s, -65 = -3*m - s + 3. Calculate the remainder when 90 is divided by m.
18
Suppose 3*n = -4*r - 0*n + 228, -n = r - 58. Suppose -w = -7 - 5. What is the remainder when (-43)/(r/(-6) - -8) is divided by w?
7
Calculate the remainder when 258 is divided by (-1 - ((-6)/(-2) + (-200)/80))*-54.
15
Suppose 131*u - 6572 + 1856 = 0. Calculate the remainder when 611 is divided by u.
35
Let f = 2 + 3. Let y(v) = -v**2 + 7*v + 1. Calculate the remainder when 43142/220 + ((-4)/40)/1 is divided by y(f).
9
What is the remainder when 210 is divided by (6 - (-192)/(-40))/(12/220)?
12
Let d(s) be the second derivative of 1/6*s**3 + 13*s**2 + 0 - 1/12*s**4 - 17*s. What is the remainder when 22 is divided by d(5)?
4
Let g(n) = 2*n + 37. Suppose -21*t = -18*t + 12. Let l(k) = 3*k**2 + 12*k - 9. Let c be l(t). Calculate the remainder when 30 is divided by g(c).
11
Suppose 15*q + 6*q - 1384 = 17*q. What is the remainder when q is divided by 175?
171
Suppose 3*l = 2*s + 18, l + 4*l + 5*s = 5. Let m be 108/l - (-1 + 4/1). What is the remainder when (-3)/15 - m/(-20) - -15 is divided by 5?
1
Let s(n) = -3*n**2 + 102*n - 781. What is the remainder when 6790 is divided by s(17)?
82
Let r be ((36/5)/4)/(15/50). Suppose -4*o = -4*b - r*o + 148, 5*o = 10. Calculate the remainder when 49 is divided by b.
13
Let o = 2766 - 2678. What is the remainder when o is divided by 10?
8
Let d(v) = -3*v**3 - 59*v**2 - 3*v - 87. Let c(s) = -s**3 - 20*s**2 - s - 29. Let w(o) = -7*c(o) + 2*d(o). Calculate the remainder when 16 is divided by w(-22).
2
Let y(b) = 17*b**2 + 2. Let t be y(2). Suppose -4*q = q - t. Suppose 260 = -10*g + 670. Calculate the remainder when g is divided by q.
13
Let v(q) = -492*q + 46766. Calculate the remainder when 0 + (-1)/1 + 66 is divided by v(95).
13
Let c = 236 - 232. Calculate the remainder when 112 is divided by ((-476)/112)/(7/c - 2).
10
Let l(d) = 2 - 6*d**2 + 1 - 3*d + 3 - d**3. Calculate the remainder when -1861 + 1904 - 0/(-2) is divided by l(-6).
19
Suppose 218*w - 4*w + 3008 - 25692 = 0. What is the remainder when 1185 is divided by w?
19
Let o(b) = 2*b**3 - 9*b**2 - 7*b - 17. Let s be o(7). Let w = 189 - s. Calculate the remainder when 29 is divided by w.
9
Suppose 0 = -52*u - 128*u + 113940. What is the remainder when u is divided by 20?
13
Let y(c) = 11*c**2 + 29*c + 62. Let g be y(-2). Suppose -h - 2*h = 5*s - g, 5*s - 68 = 2*h. Let t = 5 + -3. What is the remainder when s is divided by t?
0
Let f(l) = 3*l**2 - 10. Let s(i) = 3*i**3 - 25*i**2 - 17*i + 6. Calculate the remainder when f(7) is divided by s(9).
2
Suppose -z = -2*z + 4, 2*c = 3*z + 822. Suppose -5*p = -c + 402. Suppose 12 = l + 3*l. Calculate the remainder when p is divided by l.
0
Let j(l) = 37*l**2 - 187*l - 760. What is the remainder when j(-4) is divided by 28?
20
Let d(l) be the third derivative of -l**6/120 + 11*l**5/30 - 17*l**4/24 - 10*l**3/3 - 201*l**2. What is the remainder when d(21) is divided by 10?
4
Suppose 0 = o + 5*n - 1245, -7*n + 4*n = 15. Calculate the remainder when o is divided by 213.
205
Suppose 25*i + 3*i = 56. What is the remainder when 88 is divided by i?
0
Let r be 366/10 + 4/10. Suppose 2*n = 2*a + 38, 8*n + 3*a = 6*n + 63. Suppose m = r - n. Calculate the remainder when 37 is divided by m.
11
Let g = 19612 + -19578. What is the remainder when 325 is divided by g?
19
Let a(p) be the second derivative of 9*p**5/5 - 59*p. What is the remainder when a(1) is divided by 8?
4
Suppose -3*q = -13*y + 2494, -128 = -2*y - q + 244. Calculate the remainder when 213 is divided by y.
23
Let w = 367 + -310. Suppose -816 + w = -11*k. Let l = -19 - -33. Calculate the remainder when k is divided by l.
13
Let a(n) = n**3 - 24*n**2 + 25*n - 19. Let u = 12 - 17. Calculate the remainder when u/((-100)/2648) - 3/(-5) is divided by a(23).
25
Let v(n) = 60*n**2 + n + 1. Suppose -2 = -2*l + 10. Let p = 27 - l. What is the remainder when v(-1) is divided by p?
18
Let d(f) = -f**3 + 6*f**2 + 4*f + 4. Suppose 5*v = -2*u + 77, 11 = 4*v - u - 48. Calculate the remainder when d(6) is divided by v.
13
Let d(k) = 3*k**2 - 8*k + 13. Let j be d(-5). Suppose -3*t + 5*o = -60, 0 = -4*t + o - 31 + j. Calculate the remainder when 169 is divided by t.
19
Let a = 6 - -9. Let l = 14 + -10. What is the remainder when a is divided by (-6)/((-2)/(l/3))?
3
Let q = -27 + 147. Let p = 131 - q. What is the remainder when p is divided by 5?
1
Suppose -24*b = -21*b - 3. Calculate the remainder when -179*5/(-30) - b/(-6) is divided by 4.
2
Suppose -11*n = 35 - 13. Calculate the remainder when (124/(-155))/(n/110) is divided by 12.
8
Let w be (-120)/(-160) + 498/8. Let y = -62 + w. Let v(s) = -s**2 - 6*s - 4. What is the remainder when v(-5) is divided by y?
0
Suppose 6202 = 2*v + 3*t, -t + 15518 = -11*v + 16*v. What is the remainder when v is divided by 12?
8
Suppose -b + 64 = -2*m, 616*m + 197 = 3*b + 611*m. Suppose -2*p + 4 = -28. What is the remainder when b is divided by p?
10
Suppose -5*y + 1942 = -2*d, -y - 7*d - 150 + 494 = 0. Calculate the remainder when y is divided by 299.
87
Let h = -11211 + 13580. Calculate the remainder when h is divided by 31.
13
Suppose 0 = -35*p + 39*p - 32. Suppose p*v = 416 + 88. Let t = -5 - -27. Calculate the remainder when v is divided by t.
19
Suppose 5*o + 2*i - 541 = 0, 5*o - 2*i = 440 + 89. Suppose j - 3*s - 102 = -4*s, -108 = -j + 2*s. Let w = o - j. What is the remainder when 20 is divided by w?
2
Let m = 17 + 6. What is the remainder when m is divided by (-7)/(-14)*-16 + 11?
2
Let u(x) = 3*x + 73. Let t be (-4)/(-12) + 29/3. Calculate the remainder when u(t) is divided by 13.
12
Let w(z) = -2*z**2 + 21*z - 12. Let j(a) = -a**2 + 10*a - 5. Let k(d) = -5*j(d) + 2*w(d). What is the remainder when k(12) is divided by 14?
7
Suppose -g - 2*z - 144 = 2*z, 4*g + 576 = 5*z. Let q = g + 201. Calculate the remainder when q is divided by 12.
9
What is the remainder when 4048 is divided by ((-6)/57)/((-2)/344) + 14/(-133)?
16
Let m be ((-1)/2)/((-4)/(-240)). Let j = -1927 + 1941. What is the remainder when j is divided by ((-6)/4)/(m/140)?
0
Let n(a) = -a**3 + a**2 + a. Let g(h) = 5*h**3 - 14*h**2 - 20*h + 24. Let p(l) = -g(l) - 4*n(l). What is the remainder when 308 is divided by p(11)?
29
Suppose -221 + 338 = 3*y - 5*x, 4*y + 3*x - 98 = 0. What is the remainder when 1187 is divided by y?
27
Let k(v) = -v**3 - 15*v**2 - 13*v + 4. Let a be k(-14). Let z be (44/a)/((-2)/(-20)). Let n = 159 + z. What is the remainder when n is divided by 39?
37
Suppose -2*l + 5 = g, 2*g + 13 = 3. Suppose l*a = 2*b + 120, -5*a + 118 + 2 = 2*b. Calculate the remainder when 430 is divided by a.
22
Calculate the remainder when ((-11134)/(-76))/(3/6) is divided by 13.
7
Let p be (-15950)/(-87)*(24/10)/2. Let w = p + -184. Calculate the remainder when 212 is divided by w.
32
Let q(a) = -a + 5. Let i be q(7). Let g be 7/(3/i*(-10)/225). Suppose 171 = 4*k + 5*r, -g - 111 = -4*k + 4*r. Calculate the remainder when k is divided by 17.
15
Suppose -10*y + 5*y - 733 = -f, -721 = -f - y. Let d = -586 + f. What is the remainder when d is divided by 71?
66
Let g = -12051 - -13890. Calculate the remainder when g is divided by 611.
6
Suppose -2*f = -3*o - 8, -2*f - 33*o + 29*o = -22. Suppose -382 = -4*n + 3*u, -2*n - 2*n - 4*u + 396 = 0. Calculate the remainder when n is divided by f.
6
Let w(a) = -10*a - 92. Let y be w(-26). Suppose 12*m - y = -2*m. Calculate the remainder when 141 is divided by m.
9
Suppose -29 + 6 = w - 5*j, -4*j + 30 = 5*w. Calculate the remainder when w + -10 - (24 - 71) is divided by 6.
3
Suppose -23*m - 31*m = -0*m - 35316. Calculate the remainder when m is divided by 79.
22
Calculate the remainder when 1374 is divided by 4/22 - (0 + (-1170)/99).
6
Suppose 52*a + 3*h = 57*a - 4083, -4*a - 3*h + 3288 = 0. Calculate the remainder whe